{"id":52950,"date":"2023-05-02T10:56:16","date_gmt":"2023-05-02T08:56:16","guid":{"rendered":"https:\/\/frifri.be\/?page_id=52950"},"modified":"2023-05-08T14:23:28","modified_gmt":"2023-05-08T12:23:28","slug":"nos-videos","status":"publish","type":"page","link":"https:\/\/frifri.be\/fr\/nos-videos\/","title":{"rendered":"Nos vid\u00e9os"},"content":{"rendered":"\n<p><strong><em>La Friteuse Double Cuve en utilisation avec Val\u00e9riane &amp; M\u00e9lanie :<\/em><\/strong><\/p>\n\n\n\n<figure class=\"wp-block-embed is-type-video is-provider-youtube wp-block-embed-youtube wp-embed-aspect-16-9 wp-has-aspect-ratio\"><div class=\"wp-block-embed__wrapper\">\n<iframe loading=\"lazy\" title=\"La Friteuse Double Cuve en utilisation avec Val\u00e9riane &amp; M\u00e9lanie\" width=\"500\" height=\"281\" src=\"https:\/\/www.youtube.com\/embed\/Rc5s2JUk404?feature=oembed\" frameborder=\"0\" allow=\"accelerometer; autoplay; clipboard-write; encrypted-media; gyroscope; picture-in-picture; web-share\" referrerpolicy=\"strict-origin-when-cross-origin\" allowfullscreen><\/iframe>\n<\/div><\/figure>\n\n\n\n<p><strong><em>D\u00e9couvrez les coulisses de la fabrication de nos friteuses : <\/em><\/strong><\/p>\n\n\n\n<figure class=\"wp-block-embed is-type-video is-provider-youtube wp-block-embed-youtube wp-embed-aspect-16-9 wp-has-aspect-ratio\"><div class=\"wp-block-embed__wrapper\">\n<iframe loading=\"lazy\" title=\"Coulisses de l&#039;usine Frifri \u00e0 Courcelles\" width=\"500\" height=\"281\" src=\"https:\/\/www.youtube.com\/embed\/vJTrz3vJyKw?start=7&#038;feature=oembed\" frameborder=\"0\" allow=\"accelerometer; autoplay; clipboard-write; encrypted-media; gyroscope; picture-in-picture; web-share\" referrerpolicy=\"strict-origin-when-cross-origin\" allowfullscreen><\/iframe>\n<\/div><\/figure>\n","protected":false},"excerpt":{"rendered":"<p>La Friteuse Double Cuve en utilisation avec Val\u00e9riane &amp; M\u00e9lanie : D\u00e9couvrez les coulisses de la&#8230; <span class=\"moreLink\"><a href=\"https:\/\/frifri.be\/fr\/nos-videos\/\">+<\/a><\/span><\/p>\n","protected":false},"author":10,"featured_media":52805,"parent":0,"menu_order":0,"comment_status":"closed","ping_status":"closed","template":"","meta":{"_acf_changed":false,"footnotes":""},"categories":[],"tags":[],"class_list":["post-52950","page","type-page","status-publish","has-post-thumbnail","hentry"],"acf":[],"yoast_head":"<!-- This site is optimized with the Yoast SEO plugin v27.3 - https:\/\/yoast.com\/product\/yoast-seo-wordpress\/ -->\n<title>Nos vid\u00e9os - Frifri Belgium<\/title>\n<meta name=\"robots\" content=\"index, follow, max-snippet:-1, max-image-preview:large, max-video-preview:-1\" \/>\n<link rel=\"canonical\" href=\"https:\/\/frifri.be\/fr\/nos-videos\/\" \/>\n<meta property=\"og:locale\" content=\"fr_FR\" \/>\n<meta property=\"og:type\" content=\"article\" \/>\n<meta property=\"og:title\" content=\"Nos vid\u00e9os - Frifri Belgium\" \/>\n<meta property=\"og:description\" content=\"La Friteuse Double Cuve en utilisation avec Val\u00e9riane &amp; M\u00e9lanie : D\u00e9couvrez les coulisses de la... +\" \/>\n<meta property=\"og:url\" content=\"https:\/\/frifri.be\/fr\/nos-videos\/\" \/>\n<meta property=\"og:site_name\" content=\"Frifri Belgium\" \/>\n<meta property=\"article:modified_time\" content=\"2023-05-08T12:23:28+00:00\" \/>\n<meta property=\"og:image\" content=\"https:\/\/frifri.be\/wp-content\/uploads\/2023\/04\/Frifri-belgique.jpg\" \/>\n\t<meta property=\"og:image:width\" content=\"699\" \/>\n\t<meta property=\"og:image:height\" content=\"919\" \/>\n\t<meta property=\"og:image:type\" content=\"image\/jpeg\" \/>\n<meta name=\"twitter:card\" content=\"summary_large_image\" \/>\n<meta name=\"twitter:label1\" content=\"Dur\u00e9e de lecture estim\u00e9e\" \/>\n\t<meta name=\"twitter:data1\" content=\"1 minute\" \/>\n<script type=\"application\/ld+json\" class=\"yoast-schema-graph\">{\"@context\":\"https:\\\/\\\/schema.org\",\"@graph\":[{\"@type\":\"WebPage\",\"@id\":\"https:\\\/\\\/frifri.be\\\/fr\\\/nos-videos\\\/\",\"url\":\"https:\\\/\\\/frifri.be\\\/fr\\\/nos-videos\\\/\",\"name\":\"Nos vid\u00e9os - Frifri Belgium\",\"isPartOf\":{\"@id\":\"https:\\\/\\\/frifri.be\\\/fr\\\/#website\"},\"primaryImageOfPage\":{\"@id\":\"https:\\\/\\\/frifri.be\\\/fr\\\/nos-videos\\\/#primaryimage\"},\"image\":{\"@id\":\"https:\\\/\\\/frifri.be\\\/fr\\\/nos-videos\\\/#primaryimage\"},\"thumbnailUrl\":\"https:\\\/\\\/frifri.be\\\/wp-content\\\/uploads\\\/2023\\\/04\\\/Frifri-belgique.jpg\",\"datePublished\":\"2023-05-02T08:56:16+00:00\",\"dateModified\":\"2023-05-08T12:23:28+00:00\",\"breadcrumb\":{\"@id\":\"https:\\\/\\\/frifri.be\\\/fr\\\/nos-videos\\\/#breadcrumb\"},\"inLanguage\":\"fr-FR\",\"potentialAction\":[{\"@type\":\"ReadAction\",\"target\":[\"https:\\\/\\\/frifri.be\\\/fr\\\/nos-videos\\\/\"]}]},{\"@type\":\"ImageObject\",\"inLanguage\":\"fr-FR\",\"@id\":\"https:\\\/\\\/frifri.be\\\/fr\\\/nos-videos\\\/#primaryimage\",\"url\":\"https:\\\/\\\/frifri.be\\\/wp-content\\\/uploads\\\/2023\\\/04\\\/Frifri-belgique.jpg\",\"contentUrl\":\"https:\\\/\\\/frifri.be\\\/wp-content\\\/uploads\\\/2023\\\/04\\\/Frifri-belgique.jpg\",\"width\":699,\"height\":919},{\"@type\":\"BreadcrumbList\",\"@id\":\"https:\\\/\\\/frifri.be\\\/fr\\\/nos-videos\\\/#breadcrumb\",\"itemListElement\":[{\"@type\":\"ListItem\",\"position\":1,\"name\":\"Home\",\"item\":\"https:\\\/\\\/frifri.be\\\/fr\\\/frifri\\\/\"},{\"@type\":\"ListItem\",\"position\":2,\"name\":\"Nos vid\u00e9os\"}]},{\"@type\":\"WebSite\",\"@id\":\"https:\\\/\\\/frifri.be\\\/fr\\\/#website\",\"url\":\"https:\\\/\\\/frifri.be\\\/fr\\\/\",\"name\":\"Frifri Belgium\",\"description\":\"frifri Shop Belgium\",\"potentialAction\":[{\"@type\":\"SearchAction\",\"target\":{\"@type\":\"EntryPoint\",\"urlTemplate\":\"https:\\\/\\\/frifri.be\\\/fr\\\/?s={search_term_string}\"},\"query-input\":{\"@type\":\"PropertyValueSpecification\",\"valueRequired\":true,\"valueName\":\"search_term_string\"}}],\"inLanguage\":\"fr-FR\"}]}<\/script>\n<!-- \/ Yoast SEO plugin. -->","yoast_head_json":{"title":"Nos vid\u00e9os - Frifri Belgium","robots":{"index":"index","follow":"follow","max-snippet":"max-snippet:-1","max-image-preview":"max-image-preview:large","max-video-preview":"max-video-preview:-1"},"canonical":"https:\/\/frifri.be\/fr\/nos-videos\/","og_locale":"fr_FR","og_type":"article","og_title":"Nos vid\u00e9os - Frifri Belgium","og_description":"La Friteuse Double Cuve en utilisation avec Val\u00e9riane &amp; M\u00e9lanie : D\u00e9couvrez les coulisses de la... +","og_url":"https:\/\/frifri.be\/fr\/nos-videos\/","og_site_name":"Frifri Belgium","article_modified_time":"2023-05-08T12:23:28+00:00","og_image":[{"width":699,"height":919,"url":"https:\/\/frifri.be\/wp-content\/uploads\/2023\/04\/Frifri-belgique.jpg","type":"image\/jpeg"}],"twitter_card":"summary_large_image","twitter_misc":{"Dur\u00e9e de lecture estim\u00e9e":"1 minute"},"schema":{"@context":"https:\/\/schema.org","@graph":[{"@type":"WebPage","@id":"https:\/\/frifri.be\/fr\/nos-videos\/","url":"https:\/\/frifri.be\/fr\/nos-videos\/","name":"Nos vid\u00e9os - Frifri Belgium","isPartOf":{"@id":"https:\/\/frifri.be\/fr\/#website"},"primaryImageOfPage":{"@id":"https:\/\/frifri.be\/fr\/nos-videos\/#primaryimage"},"image":{"@id":"https:\/\/frifri.be\/fr\/nos-videos\/#primaryimage"},"thumbnailUrl":"https:\/\/frifri.be\/wp-content\/uploads\/2023\/04\/Frifri-belgique.jpg","datePublished":"2023-05-02T08:56:16+00:00","dateModified":"2023-05-08T12:23:28+00:00","breadcrumb":{"@id":"https:\/\/frifri.be\/fr\/nos-videos\/#breadcrumb"},"inLanguage":"fr-FR","potentialAction":[{"@type":"ReadAction","target":["https:\/\/frifri.be\/fr\/nos-videos\/"]}]},{"@type":"ImageObject","inLanguage":"fr-FR","@id":"https:\/\/frifri.be\/fr\/nos-videos\/#primaryimage","url":"https:\/\/frifri.be\/wp-content\/uploads\/2023\/04\/Frifri-belgique.jpg","contentUrl":"https:\/\/frifri.be\/wp-content\/uploads\/2023\/04\/Frifri-belgique.jpg","width":699,"height":919},{"@type":"BreadcrumbList","@id":"https:\/\/frifri.be\/fr\/nos-videos\/#breadcrumb","itemListElement":[{"@type":"ListItem","position":1,"name":"Home","item":"https:\/\/frifri.be\/fr\/frifri\/"},{"@type":"ListItem","position":2,"name":"Nos vid\u00e9os"}]},{"@type":"WebSite","@id":"https:\/\/frifri.be\/fr\/#website","url":"https:\/\/frifri.be\/fr\/","name":"Frifri Belgium","description":"frifri Shop Belgium","potentialAction":[{"@type":"SearchAction","target":{"@type":"EntryPoint","urlTemplate":"https:\/\/frifri.be\/fr\/?s={search_term_string}"},"query-input":{"@type":"PropertyValueSpecification","valueRequired":true,"valueName":"search_term_string"}}],"inLanguage":"fr-FR"}]}},"_links":{"self":[{"href":"https:\/\/frifri.be\/fr\/wp-json\/wp\/v2\/pages\/52950","targetHints":{"allow":["GET"]}}],"collection":[{"href":"https:\/\/frifri.be\/fr\/wp-json\/wp\/v2\/pages"}],"about":[{"href":"https:\/\/frifri.be\/fr\/wp-json\/wp\/v2\/types\/page"}],"author":[{"embeddable":true,"href":"https:\/\/frifri.be\/fr\/wp-json\/wp\/v2\/users\/10"}],"replies":[{"embeddable":true,"href":"https:\/\/frifri.be\/fr\/wp-json\/wp\/v2\/comments?post=52950"}],"version-history":[{"count":0,"href":"https:\/\/frifri.be\/fr\/wp-json\/wp\/v2\/pages\/52950\/revisions"}],"wp:featuredmedia":[{"embeddable":true,"href":"https:\/\/frifri.be\/fr\/wp-json\/wp\/v2\/media\/52805"}],"wp:attachment":[{"href":"https:\/\/frifri.be\/fr\/wp-json\/wp\/v2\/media?parent=52950"}],"wp:term":[{"taxonomy":"category","embeddable":true,"href":"https:\/\/frifri.be\/fr\/wp-json\/wp\/v2\/categories?post=52950"},{"taxonomy":"post_tag","embeddable":true,"href":"https:\/\/frifri.be\/fr\/wp-json\/wp\/v2\/tags?post=52950"}],"curies":[{"name":"wp","href":"https:\/\/api.w.org\/{rel}","templated":true}]}}

Nos vidéos

<p><strong><em>La Friteuse Double Cuve en utilisation avec Valériane &amp; Mélanie :</em></strong></p>



<figure class="wp-block-embed is-type-video is-provider-youtube wp-block-embed-youtube wp-embed-aspect-16-9 wp-has-aspect-ratio"><div class="wp-block-embed__wrapper">
<iframe loading="lazy" title="La Friteuse Double Cuve en utilisation avec Valériane &amp; Mélanie" width="500" height="281" src="https://www.youtube.com/embed/Rc5s2JUk404?feature=oembed" frameborder="0" allow="accelerometer; autoplay; clipboard-write; encrypted-media; gyroscope; picture-in-picture; web-share" referrerpolicy="strict-origin-when-cross-origin" allowfullscreen></iframe>
</div></figure>



<p><strong><em>Découvrez les coulisses de la fabrication de nos friteuses : </em></strong></p>



<figure class="wp-block-embed is-type-video is-provider-youtube wp-block-embed-youtube wp-embed-aspect-16-9 wp-has-aspect-ratio"><div class="wp-block-embed__wrapper">
<iframe loading="lazy" title="Coulisses de l&#039;usine Frifri à Courcelles" width="500" height="281" src="https://www.youtube.com/embed/vJTrz3vJyKw?start=7&#038;feature=oembed" frameborder="0" allow="accelerometer; autoplay; clipboard-write; encrypted-media; gyroscope; picture-in-picture; web-share" referrerpolicy="strict-origin-when-cross-origin" allowfullscreen></iframe>
</div></figure>

<p>La Friteuse Double Cuve en utilisation avec Valériane &amp; Mélanie : Découvrez les coulisses de la&#8230; <span class="moreLink"><a href="https://frifri.be/fr/nos-videos/">+</a></span></p>

<!-- This site is optimized with the Yoast SEO plugin v27.3 - https://yoast.com/product/yoast-seo-wordpress/ -->
<title>Nos vidéos - Frifri Belgium</title>
<meta name="robots" content="index, follow, max-snippet:-1, max-image-preview:large, max-video-preview:-1" />
<link rel="canonical" href="https://frifri.be/fr/nos-videos/" />
<meta property="og:locale" content="fr_FR" />
<meta property="og:type" content="article" />
<meta property="og:title" content="Nos vidéos - Frifri Belgium" />
<meta property="og:description" content="La Friteuse Double Cuve en utilisation avec Valériane &amp; Mélanie : Découvrez les coulisses de la... +" />
<meta property="og:url" content="https://frifri.be/fr/nos-videos/" />
<meta property="og:site_name" content="Frifri Belgium" />
<meta property="article:modified_time" content="2023-05-08T12:23:28+00:00" />
<meta property="og:image" content="https://frifri.be/wp-content/uploads/2023/04/Frifri-belgique.jpg" />
	<meta property="og:image:width" content="699" />
	<meta property="og:image:height" content="919" />
	<meta property="og:image:type" content="image/jpeg" />
<meta name="twitter:card" content="summary_large_image" />
<meta name="twitter:label1" content="Durée de lecture estimée" />
	<meta name="twitter:data1" content="1 minute" />
<script type="application/ld+json" class="yoast-schema-graph">{"@context":"https:\/\/schema.org","@graph":[{"@type":"WebPage","@id":"https:\/\/frifri.be\/fr\/nos-videos\/","url":"https:\/\/frifri.be\/fr\/nos-videos\/","name":"Nos vidéos - Frifri Belgium","isPartOf":{"@id":"https:\/\/frifri.be\/fr\/#website"},"primaryImageOfPage":{"@id":"https:\/\/frifri.be\/fr\/nos-videos\/#primaryimage"},"image":{"@id":"https:\/\/frifri.be\/fr\/nos-videos\/#primaryimage"},"thumbnailUrl":"https:\/\/frifri.be\/wp-content\/uploads\/2023\/04\/Frifri-belgique.jpg","datePublished":"2023-05-02T08:56:16+00:00","dateModified":"2023-05-08T12:23:28+00:00","breadcrumb":{"@id":"https:\/\/frifri.be\/fr\/nos-videos\/#breadcrumb"},"inLanguage":"fr-FR","potentialAction":[{"@type":"ReadAction","target":["https:\/\/frifri.be\/fr\/nos-videos\/"]}]},{"@type":"ImageObject","inLanguage":"fr-FR","@id":"https:\/\/frifri.be\/fr\/nos-videos\/#primaryimage","url":"https:\/\/frifri.be\/wp-content\/uploads\/2023\/04\/Frifri-belgique.jpg","contentUrl":"https:\/\/frifri.be\/wp-content\/uploads\/2023\/04\/Frifri-belgique.jpg","width":699,"height":919},{"@type":"BreadcrumbList","@id":"https:\/\/frifri.be\/fr\/nos-videos\/#breadcrumb","itemListElement":[{"@type":"ListItem","position":1,"name":"Home","item":"https:\/\/frifri.be\/fr\/frifri\/"},{"@type":"ListItem","position":2,"name":"Nos vidéos"}]},{"@type":"WebSite","@id":"https:\/\/frifri.be\/fr\/#website","url":"https:\/\/frifri.be\/fr\/","name":"Frifri Belgium","description":"frifri Shop Belgium","potentialAction":[{"@type":"SearchAction","target":{"@type":"EntryPoint","urlTemplate":"https:\/\/frifri.be\/fr\/?s={search_term_string}"},"query-input":{"@type":"PropertyValueSpecification","valueRequired":true,"valueName":"search_term_string"}}],"inLanguage":"fr-FR"}]}</script>
<!-- / Yoast SEO plugin. -->

Nos vidéos - Frifri Belgium

La Friteuse Double Cuve en utilisation avec Valériane &amp; Mélanie : Découvrez les coulisses de la... +
