{"id":62448,"date":"2024-10-15T10:15:12","date_gmt":"2024-10-15T08:15:12","guid":{"rendered":"https:\/\/frifri.be\/?post_type=product&#038;p=62448"},"modified":"2026-04-17T07:59:12","modified_gmt":"2026-04-17T05:59:12","slug":"airfryer-slim","status":"publish","type":"product","link":"https:\/\/frifri.be\/fr\/produit\/airfryer-slim\/","title":{"rendered":"Airfryer Slim"},"content":{"rendered":"<p>D\u00e9couvrez la Airfryer Slim au design effil\u00e9, noir mat raffin\u00e9.<\/p>\n<ul>\n<li>Cuisson rapide et homog\u00e8ne gr\u00e2ce \u00e0 la circulation d\u2019air cyclonique et aux deux \u00e9l\u00e9ments chauffants<\/li>\n<li>Grande capacit\u00e9 de 5 litres et puissance de 1700 W pour cuire une vari\u00e9t\u00e9 d\u2019aliments, de l\u2019ap\u00e9ro au dessert<\/li>\n<li>Cuisson sans ajout de mati\u00e8re grasse pour des repas plus sains<\/li>\n<li>Plage de temp\u00e9ratures ajustable de 80\u00b0C \u00e0 200\u00b0C<\/li>\n<li>Minuteur programmable jusqu\u2019\u00e0 60 minutes avec arr\u00eat automatique<\/li>\n<li>Fen\u00eatre de visualisation pour surveiller la cuisson sans perte de chaleur<\/li>\n<li>Panier en c\u00e9ramique et cuve en m\u00e9tal pour un nettoyage facile et des odeurs r\u00e9duites<\/li>\n<li>Sans PFAS : pour une utilisation plus respectueuse de la sant\u00e9 et de l\u2019environnement<\/li>\n<\/ul>\n<p>Id\u00e9ale pour ceux qui cherchent un appareil performant, esth\u00e9tique et simple \u00e0 utiliser.<\/p>\n","protected":false},"excerpt":{"rendered":"<p>D\u00e9couvrez la Airfryer Slim au design effil\u00e9, noir mat raffin\u00e9. Cuisson rapide et homog\u00e8ne gr\u00e2ce \u00e0&#8230; <span class=\"moreLink\"><a href=\"https:\/\/frifri.be\/fr\/produit\/airfryer-slim\/\">+<\/a><\/span><\/p>\n","protected":false},"featured_media":62468,"comment_status":"closed","ping_status":"closed","template":"","meta":{"_acf_changed":false},"product_brand":[],"product_cat":[178,845],"product_tag":[865],"class_list":{"0":"post-62448","1":"product","2":"type-product","3":"status-publish","4":"has-post-thumbnail","6":"product_cat-electro-menager-friteuse-sans-huile","7":"product_cat-promo","8":"product_tag-cashback","10":"first","11":"instock","12":"taxable","13":"shipping-taxable","14":"purchasable","15":"product-type-simple"},"acf":[],"yoast_head":"<!-- This site is optimized with the Yoast SEO plugin v27.3 - https:\/\/yoast.com\/product\/yoast-seo-wordpress\/ -->\n<title>Airfryer Slim - Un look r\u00e9tro - Frifri Belgium<\/title>\n<meta name=\"description\" content=\"Vous r\u00eavez de d\u00e9guster vos plats pr\u00e9f\u00e9r\u00e9s sans huile, tout en apportant une touche d&#039;\u00e9l\u00e9gance \u00e0 votre cuisine\u202f? D\u00e9couvrez notre Airfryer Slim\" \/>\n<meta name=\"robots\" content=\"index, follow, max-snippet:-1, max-image-preview:large, max-video-preview:-1\" \/>\n<link rel=\"canonical\" href=\"https:\/\/frifri.be\/fr\/produit\/airfryer-slim\/\" \/>\n<meta property=\"og:locale\" content=\"fr_FR\" \/>\n<meta property=\"og:type\" content=\"article\" \/>\n<meta property=\"og:title\" content=\"Airfryer Slim - Un look r\u00e9tro - Frifri Belgium\" \/>\n<meta property=\"og:description\" content=\"Vous r\u00eavez de d\u00e9guster vos plats pr\u00e9f\u00e9r\u00e9s sans huile, tout en apportant une touche d&#039;\u00e9l\u00e9gance \u00e0 votre cuisine\u202f? D\u00e9couvrez notre Airfryer Slim\" \/>\n<meta property=\"og:url\" content=\"https:\/\/frifri.be\/fr\/produit\/airfryer-slim\/\" \/>\n<meta property=\"og:site_name\" content=\"Frifri Belgium\" \/>\n<meta property=\"article:modified_time\" content=\"2026-04-17T05:59:12+00:00\" \/>\n<meta property=\"og:image\" content=\"https:\/\/frifri.be\/wp-content\/uploads\/2024\/10\/LAVAFIELDS_AIRFRYERbis.jpg\" \/>\n\t<meta property=\"og:image:width\" content=\"1600\" \/>\n\t<meta property=\"og:image:height\" content=\"1199\" \/>\n\t<meta property=\"og:image:type\" content=\"image\/jpeg\" \/>\n<meta name=\"twitter:card\" content=\"summary_large_image\" \/>\n<meta name=\"twitter:label1\" content=\"Dur\u00e9e de lecture estim\u00e9e\" \/>\n\t<meta name=\"twitter:data1\" content=\"2 minutes\" \/>\n<script type=\"application\/ld+json\" class=\"yoast-schema-graph\">{\"@context\":\"https:\\\/\\\/schema.org\",\"@graph\":[{\"@type\":\"WebPage\",\"@id\":\"https:\\\/\\\/frifri.be\\\/fr\\\/produit\\\/airfryer-slim\\\/\",\"url\":\"https:\\\/\\\/frifri.be\\\/fr\\\/produit\\\/airfryer-slim\\\/\",\"name\":\"Airfryer Slim - Un look r\u00e9tro - Frifri Belgium\",\"isPartOf\":{\"@id\":\"https:\\\/\\\/frifri.be\\\/fr\\\/#website\"},\"primaryImageOfPage\":{\"@id\":\"https:\\\/\\\/frifri.be\\\/fr\\\/produit\\\/airfryer-slim\\\/#primaryimage\"},\"image\":{\"@id\":\"https:\\\/\\\/frifri.be\\\/fr\\\/produit\\\/airfryer-slim\\\/#primaryimage\"},\"thumbnailUrl\":\"https:\\\/\\\/frifri.be\\\/wp-content\\\/uploads\\\/2024\\\/10\\\/LAVAFIELDS_AIRFRYERbis.jpg\",\"datePublished\":\"2024-10-15T08:15:12+00:00\",\"dateModified\":\"2026-04-17T05:59:12+00:00\",\"description\":\"Vous r\u00eavez de d\u00e9guster vos plats pr\u00e9f\u00e9r\u00e9s sans huile, tout en apportant une touche d'\u00e9l\u00e9gance \u00e0 votre cuisine\u202f? D\u00e9couvrez notre Airfryer Slim\",\"breadcrumb\":{\"@id\":\"https:\\\/\\\/frifri.be\\\/fr\\\/produit\\\/airfryer-slim\\\/#breadcrumb\"},\"inLanguage\":\"fr-FR\",\"potentialAction\":[{\"@type\":\"ReadAction\",\"target\":[\"https:\\\/\\\/frifri.be\\\/fr\\\/produit\\\/airfryer-slim\\\/\"]}]},{\"@type\":\"ImageObject\",\"inLanguage\":\"fr-FR\",\"@id\":\"https:\\\/\\\/frifri.be\\\/fr\\\/produit\\\/airfryer-slim\\\/#primaryimage\",\"url\":\"https:\\\/\\\/frifri.be\\\/wp-content\\\/uploads\\\/2024\\\/10\\\/LAVAFIELDS_AIRFRYERbis.jpg\",\"contentUrl\":\"https:\\\/\\\/frifri.be\\\/wp-content\\\/uploads\\\/2024\\\/10\\\/LAVAFIELDS_AIRFRYERbis.jpg\",\"width\":1600,\"height\":1199},{\"@type\":\"BreadcrumbList\",\"@id\":\"https:\\\/\\\/frifri.be\\\/fr\\\/produit\\\/airfryer-slim\\\/#breadcrumb\",\"itemListElement\":[{\"@type\":\"ListItem\",\"position\":1,\"name\":\"Home\",\"item\":\"https:\\\/\\\/frifri.be\\\/fr\\\/frifri\\\/\"},{\"@type\":\"ListItem\",\"position\":2,\"name\":\"Nos produits\",\"item\":\"https:\\\/\\\/frifri.be\\\/fr\\\/boutique\\\/\"},{\"@type\":\"ListItem\",\"position\":3,\"name\":\"Les Friteuses Sans Huile\",\"item\":\"https:\\\/\\\/frifri.be\\\/fr\\\/categorie-produit\\\/electro-menager-friteuse-sans-huile\\\/\"},{\"@type\":\"ListItem\",\"position\":4,\"name\":\"Airfryer Slim\"}]},{\"@type\":\"WebSite\",\"@id\":\"https:\\\/\\\/frifri.be\\\/fr\\\/#website\",\"url\":\"https:\\\/\\\/frifri.be\\\/fr\\\/\",\"name\":\"Frifri Belgium\",\"description\":\"frifri Shop Belgium\",\"potentialAction\":[{\"@type\":\"SearchAction\",\"target\":{\"@type\":\"EntryPoint\",\"urlTemplate\":\"https:\\\/\\\/frifri.be\\\/fr\\\/?s={search_term_string}\"},\"query-input\":{\"@type\":\"PropertyValueSpecification\",\"valueRequired\":true,\"valueName\":\"search_term_string\"}}],\"inLanguage\":\"fr-FR\"}]}<\/script>\n<!-- \/ Yoast SEO plugin. -->","yoast_head_json":{"title":"Airfryer Slim - Un look r\u00e9tro - Frifri Belgium","description":"Vous r\u00eavez de d\u00e9guster vos plats pr\u00e9f\u00e9r\u00e9s sans huile, tout en apportant une touche d'\u00e9l\u00e9gance \u00e0 votre cuisine\u202f? D\u00e9couvrez notre Airfryer Slim","robots":{"index":"index","follow":"follow","max-snippet":"max-snippet:-1","max-image-preview":"max-image-preview:large","max-video-preview":"max-video-preview:-1"},"canonical":"https:\/\/frifri.be\/fr\/produit\/airfryer-slim\/","og_locale":"fr_FR","og_type":"article","og_title":"Airfryer Slim - Un look r\u00e9tro - Frifri Belgium","og_description":"Vous r\u00eavez de d\u00e9guster vos plats pr\u00e9f\u00e9r\u00e9s sans huile, tout en apportant une touche d'\u00e9l\u00e9gance \u00e0 votre cuisine\u202f? D\u00e9couvrez notre Airfryer Slim","og_url":"https:\/\/frifri.be\/fr\/produit\/airfryer-slim\/","og_site_name":"Frifri Belgium","article_modified_time":"2026-04-17T05:59:12+00:00","og_image":[{"width":1600,"height":1199,"url":"https:\/\/frifri.be\/wp-content\/uploads\/2024\/10\/LAVAFIELDS_AIRFRYERbis.jpg","type":"image\/jpeg"}],"twitter_card":"summary_large_image","twitter_misc":{"Dur\u00e9e de lecture estim\u00e9e":"2 minutes"},"schema":{"@context":"https:\/\/schema.org","@graph":[{"@type":"WebPage","@id":"https:\/\/frifri.be\/fr\/produit\/airfryer-slim\/","url":"https:\/\/frifri.be\/fr\/produit\/airfryer-slim\/","name":"Airfryer Slim - Un look r\u00e9tro - Frifri Belgium","isPartOf":{"@id":"https:\/\/frifri.be\/fr\/#website"},"primaryImageOfPage":{"@id":"https:\/\/frifri.be\/fr\/produit\/airfryer-slim\/#primaryimage"},"image":{"@id":"https:\/\/frifri.be\/fr\/produit\/airfryer-slim\/#primaryimage"},"thumbnailUrl":"https:\/\/frifri.be\/wp-content\/uploads\/2024\/10\/LAVAFIELDS_AIRFRYERbis.jpg","datePublished":"2024-10-15T08:15:12+00:00","dateModified":"2026-04-17T05:59:12+00:00","description":"Vous r\u00eavez de d\u00e9guster vos plats pr\u00e9f\u00e9r\u00e9s sans huile, tout en apportant une touche d'\u00e9l\u00e9gance \u00e0 votre cuisine\u202f? D\u00e9couvrez notre Airfryer Slim","breadcrumb":{"@id":"https:\/\/frifri.be\/fr\/produit\/airfryer-slim\/#breadcrumb"},"inLanguage":"fr-FR","potentialAction":[{"@type":"ReadAction","target":["https:\/\/frifri.be\/fr\/produit\/airfryer-slim\/"]}]},{"@type":"ImageObject","inLanguage":"fr-FR","@id":"https:\/\/frifri.be\/fr\/produit\/airfryer-slim\/#primaryimage","url":"https:\/\/frifri.be\/wp-content\/uploads\/2024\/10\/LAVAFIELDS_AIRFRYERbis.jpg","contentUrl":"https:\/\/frifri.be\/wp-content\/uploads\/2024\/10\/LAVAFIELDS_AIRFRYERbis.jpg","width":1600,"height":1199},{"@type":"BreadcrumbList","@id":"https:\/\/frifri.be\/fr\/produit\/airfryer-slim\/#breadcrumb","itemListElement":[{"@type":"ListItem","position":1,"name":"Home","item":"https:\/\/frifri.be\/fr\/frifri\/"},{"@type":"ListItem","position":2,"name":"Nos produits","item":"https:\/\/frifri.be\/fr\/boutique\/"},{"@type":"ListItem","position":3,"name":"Les Friteuses Sans Huile","item":"https:\/\/frifri.be\/fr\/categorie-produit\/electro-menager-friteuse-sans-huile\/"},{"@type":"ListItem","position":4,"name":"Airfryer Slim"}]},{"@type":"WebSite","@id":"https:\/\/frifri.be\/fr\/#website","url":"https:\/\/frifri.be\/fr\/","name":"Frifri Belgium","description":"frifri Shop Belgium","potentialAction":[{"@type":"SearchAction","target":{"@type":"EntryPoint","urlTemplate":"https:\/\/frifri.be\/fr\/?s={search_term_string}"},"query-input":{"@type":"PropertyValueSpecification","valueRequired":true,"valueName":"search_term_string"}}],"inLanguage":"fr-FR"}]}},"_links":{"self":[{"href":"https:\/\/frifri.be\/fr\/wp-json\/wp\/v2\/product\/62448","targetHints":{"allow":["GET"]}}],"collection":[{"href":"https:\/\/frifri.be\/fr\/wp-json\/wp\/v2\/product"}],"about":[{"href":"https:\/\/frifri.be\/fr\/wp-json\/wp\/v2\/types\/product"}],"replies":[{"embeddable":true,"href":"https:\/\/frifri.be\/fr\/wp-json\/wp\/v2\/comments?post=62448"}],"wp:featuredmedia":[{"embeddable":true,"href":"https:\/\/frifri.be\/fr\/wp-json\/wp\/v2\/media\/62468"}],"wp:attachment":[{"href":"https:\/\/frifri.be\/fr\/wp-json\/wp\/v2\/media?parent=62448"}],"wp:term":[{"taxonomy":"product_brand","embeddable":true,"href":"https:\/\/frifri.be\/fr\/wp-json\/wp\/v2\/product_brand?post=62448"},{"taxonomy":"product_cat","embeddable":true,"href":"https:\/\/frifri.be\/fr\/wp-json\/wp\/v2\/product_cat?post=62448"},{"taxonomy":"product_tag","embeddable":true,"href":"https:\/\/frifri.be\/fr\/wp-json\/wp\/v2\/product_tag?post=62448"}],"curies":[{"name":"wp","href":"https:\/\/api.w.org\/{rel}","templated":true}]}}

<p>Découvrez la Airfryer Slim au design effilé, noir mat raffiné.</p>
<ul>
<li>Cuisson rapide et homogène grâce à la circulation d’air cyclonique et aux deux éléments chauffants</li>
<li>Grande capacité de 5 litres et puissance de 1700 W pour cuire une variété d’aliments, de l’apéro au dessert</li>
<li>Cuisson sans ajout de matière grasse pour des repas plus sains</li>
<li>Plage de températures ajustable de 80°C à 200°C</li>
<li>Minuteur programmable jusqu’à 60 minutes avec arrêt automatique</li>
<li>Fenêtre de visualisation pour surveiller la cuisson sans perte de chaleur</li>
<li>Panier en céramique et cuve en métal pour un nettoyage facile et des odeurs réduites</li>
<li>Sans PFAS : pour une utilisation plus respectueuse de la santé et de l’environnement</li>
</ul>
<p>Idéale pour ceux qui cherchent un appareil performant, esthétique et simple à utiliser.</p>

<p>Découvrez la Airfryer Slim au design effilé, noir mat raffiné. Cuisson rapide et homogène grâce à&#8230; <span class="moreLink"><a href="https://frifri.be/fr/produit/airfryer-slim/">+</a></span></p>

<!-- This site is optimized with the Yoast SEO plugin v27.3 - https://yoast.com/product/yoast-seo-wordpress/ -->
<title>Airfryer Slim - Un look rétro - Frifri Belgium</title>
<meta name="description" content="Vous rêvez de déguster vos plats préférés sans huile, tout en apportant une touche d&#039;élégance à votre cuisine ? Découvrez notre Airfryer Slim" />
<meta name="robots" content="index, follow, max-snippet:-1, max-image-preview:large, max-video-preview:-1" />
<link rel="canonical" href="https://frifri.be/fr/produit/airfryer-slim/" />
<meta property="og:locale" content="fr_FR" />
<meta property="og:type" content="article" />
<meta property="og:title" content="Airfryer Slim - Un look rétro - Frifri Belgium" />
<meta property="og:description" content="Vous rêvez de déguster vos plats préférés sans huile, tout en apportant une touche d&#039;élégance à votre cuisine ? Découvrez notre Airfryer Slim" />
<meta property="og:url" content="https://frifri.be/fr/produit/airfryer-slim/" />
<meta property="og:site_name" content="Frifri Belgium" />
<meta property="article:modified_time" content="2026-04-17T05:59:12+00:00" />
<meta property="og:image" content="https://frifri.be/wp-content/uploads/2024/10/LAVAFIELDS_AIRFRYERbis.jpg" />
	<meta property="og:image:width" content="1600" />
	<meta property="og:image:height" content="1199" />
	<meta property="og:image:type" content="image/jpeg" />
<meta name="twitter:card" content="summary_large_image" />
<meta name="twitter:label1" content="Durée de lecture estimée" />
	<meta name="twitter:data1" content="2 minutes" />
<script type="application/ld+json" class="yoast-schema-graph">{"@context":"https:\/\/schema.org","@graph":[{"@type":"WebPage","@id":"https:\/\/frifri.be\/fr\/produit\/airfryer-slim\/","url":"https:\/\/frifri.be\/fr\/produit\/airfryer-slim\/","name":"Airfryer Slim - Un look rétro - Frifri Belgium","isPartOf":{"@id":"https:\/\/frifri.be\/fr\/#website"},"primaryImageOfPage":{"@id":"https:\/\/frifri.be\/fr\/produit\/airfryer-slim\/#primaryimage"},"image":{"@id":"https:\/\/frifri.be\/fr\/produit\/airfryer-slim\/#primaryimage"},"thumbnailUrl":"https:\/\/frifri.be\/wp-content\/uploads\/2024\/10\/LAVAFIELDS_AIRFRYERbis.jpg","datePublished":"2024-10-15T08:15:12+00:00","dateModified":"2026-04-17T05:59:12+00:00","description":"Vous rêvez de déguster vos plats préférés sans huile, tout en apportant une touche d'élégance à votre cuisine ? Découvrez notre Airfryer Slim","breadcrumb":{"@id":"https:\/\/frifri.be\/fr\/produit\/airfryer-slim\/#breadcrumb"},"inLanguage":"fr-FR","potentialAction":[{"@type":"ReadAction","target":["https:\/\/frifri.be\/fr\/produit\/airfryer-slim\/"]}]},{"@type":"ImageObject","inLanguage":"fr-FR","@id":"https:\/\/frifri.be\/fr\/produit\/airfryer-slim\/#primaryimage","url":"https:\/\/frifri.be\/wp-content\/uploads\/2024\/10\/LAVAFIELDS_AIRFRYERbis.jpg","contentUrl":"https:\/\/frifri.be\/wp-content\/uploads\/2024\/10\/LAVAFIELDS_AIRFRYERbis.jpg","width":1600,"height":1199},{"@type":"BreadcrumbList","@id":"https:\/\/frifri.be\/fr\/produit\/airfryer-slim\/#breadcrumb","itemListElement":[{"@type":"ListItem","position":1,"name":"Home","item":"https:\/\/frifri.be\/fr\/frifri\/"},{"@type":"ListItem","position":2,"name":"Nos produits","item":"https:\/\/frifri.be\/fr\/boutique\/"},{"@type":"ListItem","position":3,"name":"Les Friteuses Sans Huile","item":"https:\/\/frifri.be\/fr\/categorie-produit\/electro-menager-friteuse-sans-huile\/"},{"@type":"ListItem","position":4,"name":"Airfryer Slim"}]},{"@type":"WebSite","@id":"https:\/\/frifri.be\/fr\/#website","url":"https:\/\/frifri.be\/fr\/","name":"Frifri Belgium","description":"frifri Shop Belgium","potentialAction":[{"@type":"SearchAction","target":{"@type":"EntryPoint","urlTemplate":"https:\/\/frifri.be\/fr\/?s={search_term_string}"},"query-input":{"@type":"PropertyValueSpecification","valueRequired":true,"valueName":"search_term_string"}}],"inLanguage":"fr-FR"}]}</script>
<!-- / Yoast SEO plugin. -->

Airfryer Slim - Un look rétro - Frifri Belgium

Vous rêvez de déguster vos plats préférés sans huile, tout en apportant une touche d'élégance à votre cuisine ? Découvrez notre Airfryer Slim
