{"id":70658,"date":"2026-01-02T18:10:02","date_gmt":"2026-01-02T17:10:02","guid":{"rendered":"https:\/\/frifri.be\/?post_type=product&#038;p=70658"},"modified":"2026-04-17T07:59:11","modified_gmt":"2026-04-17T05:59:11","slug":"airfryer-duo-slim","status":"publish","type":"product","link":"https:\/\/frifri.be\/fr\/produit\/airfryer-duo-slim\/","title":{"rendered":"Airfryer Duo Slim"},"content":{"rendered":"<p>D\u00e9couvrez l\u2019Airfryer Duo Slim :<\/p>\n<ul>\n<li>Cuisson rapide et homog\u00e8ne gr\u00e2ce \u00e0 la circulation d\u2019air cyclonique et aux \u00e9l\u00e9ments chauffants<\/li>\n<li>Grande capacit\u00e9 de 13 litres (2 cuves de 6,5 L) et puissance de 2800 W pour une mont\u00e9e en temp\u00e9rature rapide et des cuissons vari\u00e9es, de l\u2019entr\u00e9e au dessert<\/li>\n<li>Cuisson sans ajout de mati\u00e8re grasse pour des repas plus sains<\/li>\n<li>\u00c9cran de contr\u00f4le inclinable ( 3 positions) avec touches sensitives<\/li>\n<li>Fen\u00eatre de visualisation pour surveiller la cuisson sans perte de chaleur<\/li>\n<li>12 programmes pr\u00e9r\u00e9gl\u00e9s pour des recettes vari\u00e9es<\/li>\n<li>Fonction Match pour adopter les m\u00eames r\u00e9glages de cuisson \u00e0 chaque bac de cuisson<\/li>\n<li>Fonction Synch pour une fin de cuisson simultan\u00e9e<\/li>\n<li>Panier et cuve en c\u00e9ramique pour un nettoyage facile et des odeurs r\u00e9duites<\/li>\n<li>Sans PFAS: pour une utilisation plus respectueuse de la sant\u00e9 et de l\u2019environnement<\/li>\n<\/ul>\n<p>Le choix id\u00e9al pour cuisiner pour toute la famille avec puissance, \u00e9l\u00e9gance et simplicit\u00e9.<\/p>\n","protected":false},"excerpt":{"rendered":"<p>Plus grand, plus malin et toujours aussi gourmand: l\u2019Airfryer Duo Slim r\u00e9invente vos plats pr\u00e9f\u00e9r\u00e9s avec l\u00e9g\u00e8ret\u00e9, performance et \u00e9l\u00e9gance.<\/p>\n","protected":false},"featured_media":71160,"comment_status":"closed","ping_status":"closed","template":"","meta":{"_acf_changed":false},"product_brand":[],"product_cat":[178,845],"product_tag":[865],"class_list":{"0":"post-70658","1":"product","2":"type-product","3":"status-publish","4":"has-post-thumbnail","6":"product_cat-electro-menager-friteuse-sans-huile","7":"product_cat-promo","8":"product_tag-cashback","10":"first","11":"instock","12":"taxable","13":"shipping-taxable","14":"purchasable","15":"product-type-simple"},"acf":[],"yoast_head":"<!-- This site is optimized with the Yoast SEO plugin v27.3 - https:\/\/yoast.com\/product\/yoast-seo-wordpress\/ -->\n<title>Airfryer Duo Slim - Frifri Belgium<\/title>\n<meta name=\"description\" content=\"Vous r\u00eavez de d\u00e9guster vos plats pr\u00e9f\u00e9r\u00e9s sans huile, tout en apportant une touche d&#039;\u00e9l\u00e9gance \u00e0 votre cuisine\u202f? D\u00e9couvrez notre Airfryer Slim\" \/>\n<meta name=\"robots\" content=\"index, follow, max-snippet:-1, max-image-preview:large, max-video-preview:-1\" \/>\n<link rel=\"canonical\" href=\"https:\/\/frifri.be\/fr\/produit\/airfryer-duo-slim\/\" \/>\n<meta property=\"og:locale\" content=\"fr_FR\" \/>\n<meta property=\"og:type\" content=\"article\" \/>\n<meta property=\"og:title\" content=\"Airfryer Duo Slim - Frifri Belgium\" \/>\n<meta property=\"og:description\" content=\"Vous r\u00eavez de d\u00e9guster vos plats pr\u00e9f\u00e9r\u00e9s sans huile, tout en apportant une touche d&#039;\u00e9l\u00e9gance \u00e0 votre cuisine\u202f? D\u00e9couvrez notre Airfryer Slim\" \/>\n<meta property=\"og:url\" content=\"https:\/\/frifri.be\/fr\/produit\/airfryer-duo-slim\/\" \/>\n<meta property=\"og:site_name\" content=\"Frifri Belgium\" \/>\n<meta property=\"article:modified_time\" content=\"2026-04-17T05:59:11+00:00\" \/>\n<meta property=\"og:image\" content=\"https:\/\/frifri.be\/wp-content\/uploads\/2025\/08\/FR0813028BLP_32.jpg\" \/>\n\t<meta property=\"og:image:width\" content=\"1600\" \/>\n\t<meta property=\"og:image:height\" content=\"1067\" \/>\n\t<meta property=\"og:image:type\" content=\"image\/jpeg\" \/>\n<meta name=\"twitter:card\" content=\"summary_large_image\" \/>\n<meta name=\"twitter:label1\" content=\"Dur\u00e9e de lecture estim\u00e9e\" \/>\n\t<meta name=\"twitter:data1\" content=\"2 minutes\" \/>\n<script type=\"application\/ld+json\" class=\"yoast-schema-graph\">{\"@context\":\"https:\\\/\\\/schema.org\",\"@graph\":[{\"@type\":\"WebPage\",\"@id\":\"https:\\\/\\\/frifri.be\\\/fr\\\/produit\\\/airfryer-duo-slim\\\/\",\"url\":\"https:\\\/\\\/frifri.be\\\/fr\\\/produit\\\/airfryer-duo-slim\\\/\",\"name\":\"Airfryer Duo Slim - Frifri Belgium\",\"isPartOf\":{\"@id\":\"https:\\\/\\\/frifri.be\\\/fr\\\/#website\"},\"primaryImageOfPage\":{\"@id\":\"https:\\\/\\\/frifri.be\\\/fr\\\/produit\\\/airfryer-duo-slim\\\/#primaryimage\"},\"image\":{\"@id\":\"https:\\\/\\\/frifri.be\\\/fr\\\/produit\\\/airfryer-duo-slim\\\/#primaryimage\"},\"thumbnailUrl\":\"https:\\\/\\\/frifri.be\\\/wp-content\\\/uploads\\\/2025\\\/08\\\/FR0813028BLP_32.jpg\",\"datePublished\":\"2026-01-02T17:10:02+00:00\",\"dateModified\":\"2026-04-17T05:59:11+00:00\",\"description\":\"Vous r\u00eavez de d\u00e9guster vos plats pr\u00e9f\u00e9r\u00e9s sans huile, tout en apportant une touche d'\u00e9l\u00e9gance \u00e0 votre cuisine\u202f? D\u00e9couvrez notre Airfryer Slim\",\"breadcrumb\":{\"@id\":\"https:\\\/\\\/frifri.be\\\/fr\\\/produit\\\/airfryer-duo-slim\\\/#breadcrumb\"},\"inLanguage\":\"fr-FR\",\"potentialAction\":[{\"@type\":\"ReadAction\",\"target\":[\"https:\\\/\\\/frifri.be\\\/fr\\\/produit\\\/airfryer-duo-slim\\\/\"]}]},{\"@type\":\"ImageObject\",\"inLanguage\":\"fr-FR\",\"@id\":\"https:\\\/\\\/frifri.be\\\/fr\\\/produit\\\/airfryer-duo-slim\\\/#primaryimage\",\"url\":\"https:\\\/\\\/frifri.be\\\/wp-content\\\/uploads\\\/2025\\\/08\\\/FR0813028BLP_32.jpg\",\"contentUrl\":\"https:\\\/\\\/frifri.be\\\/wp-content\\\/uploads\\\/2025\\\/08\\\/FR0813028BLP_32.jpg\",\"width\":1600,\"height\":1067},{\"@type\":\"BreadcrumbList\",\"@id\":\"https:\\\/\\\/frifri.be\\\/fr\\\/produit\\\/airfryer-duo-slim\\\/#breadcrumb\",\"itemListElement\":[{\"@type\":\"ListItem\",\"position\":1,\"name\":\"Home\",\"item\":\"https:\\\/\\\/frifri.be\\\/fr\\\/frifri\\\/\"},{\"@type\":\"ListItem\",\"position\":2,\"name\":\"Nos produits\",\"item\":\"https:\\\/\\\/frifri.be\\\/fr\\\/boutique\\\/\"},{\"@type\":\"ListItem\",\"position\":3,\"name\":\"Les Friteuses Sans Huile\",\"item\":\"https:\\\/\\\/frifri.be\\\/fr\\\/categorie-produit\\\/electro-menager-friteuse-sans-huile\\\/\"},{\"@type\":\"ListItem\",\"position\":4,\"name\":\"Airfryer Duo Slim\"}]},{\"@type\":\"WebSite\",\"@id\":\"https:\\\/\\\/frifri.be\\\/fr\\\/#website\",\"url\":\"https:\\\/\\\/frifri.be\\\/fr\\\/\",\"name\":\"Frifri Belgium\",\"description\":\"frifri Shop Belgium\",\"potentialAction\":[{\"@type\":\"SearchAction\",\"target\":{\"@type\":\"EntryPoint\",\"urlTemplate\":\"https:\\\/\\\/frifri.be\\\/fr\\\/?s={search_term_string}\"},\"query-input\":{\"@type\":\"PropertyValueSpecification\",\"valueRequired\":true,\"valueName\":\"search_term_string\"}}],\"inLanguage\":\"fr-FR\"}]}<\/script>\n<!-- \/ Yoast SEO plugin. -->","yoast_head_json":{"title":"Airfryer Duo Slim - Frifri Belgium","description":"Vous r\u00eavez de d\u00e9guster vos plats pr\u00e9f\u00e9r\u00e9s sans huile, tout en apportant une touche d'\u00e9l\u00e9gance \u00e0 votre cuisine\u202f? D\u00e9couvrez notre Airfryer Slim","robots":{"index":"index","follow":"follow","max-snippet":"max-snippet:-1","max-image-preview":"max-image-preview:large","max-video-preview":"max-video-preview:-1"},"canonical":"https:\/\/frifri.be\/fr\/produit\/airfryer-duo-slim\/","og_locale":"fr_FR","og_type":"article","og_title":"Airfryer Duo Slim - Frifri Belgium","og_description":"Vous r\u00eavez de d\u00e9guster vos plats pr\u00e9f\u00e9r\u00e9s sans huile, tout en apportant une touche d'\u00e9l\u00e9gance \u00e0 votre cuisine\u202f? D\u00e9couvrez notre Airfryer Slim","og_url":"https:\/\/frifri.be\/fr\/produit\/airfryer-duo-slim\/","og_site_name":"Frifri Belgium","article_modified_time":"2026-04-17T05:59:11+00:00","og_image":[{"width":1600,"height":1067,"url":"https:\/\/frifri.be\/wp-content\/uploads\/2025\/08\/FR0813028BLP_32.jpg","type":"image\/jpeg"}],"twitter_card":"summary_large_image","twitter_misc":{"Dur\u00e9e de lecture estim\u00e9e":"2 minutes"},"schema":{"@context":"https:\/\/schema.org","@graph":[{"@type":"WebPage","@id":"https:\/\/frifri.be\/fr\/produit\/airfryer-duo-slim\/","url":"https:\/\/frifri.be\/fr\/produit\/airfryer-duo-slim\/","name":"Airfryer Duo Slim - Frifri Belgium","isPartOf":{"@id":"https:\/\/frifri.be\/fr\/#website"},"primaryImageOfPage":{"@id":"https:\/\/frifri.be\/fr\/produit\/airfryer-duo-slim\/#primaryimage"},"image":{"@id":"https:\/\/frifri.be\/fr\/produit\/airfryer-duo-slim\/#primaryimage"},"thumbnailUrl":"https:\/\/frifri.be\/wp-content\/uploads\/2025\/08\/FR0813028BLP_32.jpg","datePublished":"2026-01-02T17:10:02+00:00","dateModified":"2026-04-17T05:59:11+00:00","description":"Vous r\u00eavez de d\u00e9guster vos plats pr\u00e9f\u00e9r\u00e9s sans huile, tout en apportant une touche d'\u00e9l\u00e9gance \u00e0 votre cuisine\u202f? D\u00e9couvrez notre Airfryer Slim","breadcrumb":{"@id":"https:\/\/frifri.be\/fr\/produit\/airfryer-duo-slim\/#breadcrumb"},"inLanguage":"fr-FR","potentialAction":[{"@type":"ReadAction","target":["https:\/\/frifri.be\/fr\/produit\/airfryer-duo-slim\/"]}]},{"@type":"ImageObject","inLanguage":"fr-FR","@id":"https:\/\/frifri.be\/fr\/produit\/airfryer-duo-slim\/#primaryimage","url":"https:\/\/frifri.be\/wp-content\/uploads\/2025\/08\/FR0813028BLP_32.jpg","contentUrl":"https:\/\/frifri.be\/wp-content\/uploads\/2025\/08\/FR0813028BLP_32.jpg","width":1600,"height":1067},{"@type":"BreadcrumbList","@id":"https:\/\/frifri.be\/fr\/produit\/airfryer-duo-slim\/#breadcrumb","itemListElement":[{"@type":"ListItem","position":1,"name":"Home","item":"https:\/\/frifri.be\/fr\/frifri\/"},{"@type":"ListItem","position":2,"name":"Nos produits","item":"https:\/\/frifri.be\/fr\/boutique\/"},{"@type":"ListItem","position":3,"name":"Les Friteuses Sans Huile","item":"https:\/\/frifri.be\/fr\/categorie-produit\/electro-menager-friteuse-sans-huile\/"},{"@type":"ListItem","position":4,"name":"Airfryer Duo Slim"}]},{"@type":"WebSite","@id":"https:\/\/frifri.be\/fr\/#website","url":"https:\/\/frifri.be\/fr\/","name":"Frifri Belgium","description":"frifri Shop Belgium","potentialAction":[{"@type":"SearchAction","target":{"@type":"EntryPoint","urlTemplate":"https:\/\/frifri.be\/fr\/?s={search_term_string}"},"query-input":{"@type":"PropertyValueSpecification","valueRequired":true,"valueName":"search_term_string"}}],"inLanguage":"fr-FR"}]}},"_links":{"self":[{"href":"https:\/\/frifri.be\/fr\/wp-json\/wp\/v2\/product\/70658","targetHints":{"allow":["GET"]}}],"collection":[{"href":"https:\/\/frifri.be\/fr\/wp-json\/wp\/v2\/product"}],"about":[{"href":"https:\/\/frifri.be\/fr\/wp-json\/wp\/v2\/types\/product"}],"replies":[{"embeddable":true,"href":"https:\/\/frifri.be\/fr\/wp-json\/wp\/v2\/comments?post=70658"}],"wp:featuredmedia":[{"embeddable":true,"href":"https:\/\/frifri.be\/fr\/wp-json\/wp\/v2\/media\/71160"}],"wp:attachment":[{"href":"https:\/\/frifri.be\/fr\/wp-json\/wp\/v2\/media?parent=70658"}],"wp:term":[{"taxonomy":"product_brand","embeddable":true,"href":"https:\/\/frifri.be\/fr\/wp-json\/wp\/v2\/product_brand?post=70658"},{"taxonomy":"product_cat","embeddable":true,"href":"https:\/\/frifri.be\/fr\/wp-json\/wp\/v2\/product_cat?post=70658"},{"taxonomy":"product_tag","embeddable":true,"href":"https:\/\/frifri.be\/fr\/wp-json\/wp\/v2\/product_tag?post=70658"}],"curies":[{"name":"wp","href":"https:\/\/api.w.org\/{rel}","templated":true}]}}

<p>Découvrez l’Airfryer Duo Slim :</p>
<ul>
<li>Cuisson rapide et homogène grâce à la circulation d’air cyclonique et aux éléments chauffants</li>
<li>Grande capacité de 13 litres (2 cuves de 6,5 L) et puissance de 2800 W pour une montée en température rapide et des cuissons variées, de l’entrée au dessert</li>
<li>Cuisson sans ajout de matière grasse pour des repas plus sains</li>
<li>Écran de contrôle inclinable ( 3 positions) avec touches sensitives</li>
<li>Fenêtre de visualisation pour surveiller la cuisson sans perte de chaleur</li>
<li>12 programmes préréglés pour des recettes variées</li>
<li>Fonction Match pour adopter les mêmes réglages de cuisson à chaque bac de cuisson</li>
<li>Fonction Synch pour une fin de cuisson simultanée</li>
<li>Panier et cuve en céramique pour un nettoyage facile et des odeurs réduites</li>
<li>Sans PFAS: pour une utilisation plus respectueuse de la santé et de l’environnement</li>
</ul>
<p>Le choix idéal pour cuisiner pour toute la famille avec puissance, élégance et simplicité.</p>

<p>Plus grand, plus malin et toujours aussi gourmand: l’Airfryer Duo Slim réinvente vos plats préférés avec légèreté, performance et élégance.</p>

<!-- This site is optimized with the Yoast SEO plugin v27.3 - https://yoast.com/product/yoast-seo-wordpress/ -->
<title>Airfryer Duo Slim - Frifri Belgium</title>
<meta name="description" content="Vous rêvez de déguster vos plats préférés sans huile, tout en apportant une touche d&#039;élégance à votre cuisine ? Découvrez notre Airfryer Slim" />
<meta name="robots" content="index, follow, max-snippet:-1, max-image-preview:large, max-video-preview:-1" />
<link rel="canonical" href="https://frifri.be/fr/produit/airfryer-duo-slim/" />
<meta property="og:locale" content="fr_FR" />
<meta property="og:type" content="article" />
<meta property="og:title" content="Airfryer Duo Slim - Frifri Belgium" />
<meta property="og:description" content="Vous rêvez de déguster vos plats préférés sans huile, tout en apportant une touche d&#039;élégance à votre cuisine ? Découvrez notre Airfryer Slim" />
<meta property="og:url" content="https://frifri.be/fr/produit/airfryer-duo-slim/" />
<meta property="og:site_name" content="Frifri Belgium" />
<meta property="article:modified_time" content="2026-04-17T05:59:11+00:00" />
<meta property="og:image" content="https://frifri.be/wp-content/uploads/2025/08/FR0813028BLP_32.jpg" />
	<meta property="og:image:width" content="1600" />
	<meta property="og:image:height" content="1067" />
	<meta property="og:image:type" content="image/jpeg" />
<meta name="twitter:card" content="summary_large_image" />
<meta name="twitter:label1" content="Durée de lecture estimée" />
	<meta name="twitter:data1" content="2 minutes" />
<script type="application/ld+json" class="yoast-schema-graph">{"@context":"https:\/\/schema.org","@graph":[{"@type":"WebPage","@id":"https:\/\/frifri.be\/fr\/produit\/airfryer-duo-slim\/","url":"https:\/\/frifri.be\/fr\/produit\/airfryer-duo-slim\/","name":"Airfryer Duo Slim - Frifri Belgium","isPartOf":{"@id":"https:\/\/frifri.be\/fr\/#website"},"primaryImageOfPage":{"@id":"https:\/\/frifri.be\/fr\/produit\/airfryer-duo-slim\/#primaryimage"},"image":{"@id":"https:\/\/frifri.be\/fr\/produit\/airfryer-duo-slim\/#primaryimage"},"thumbnailUrl":"https:\/\/frifri.be\/wp-content\/uploads\/2025\/08\/FR0813028BLP_32.jpg","datePublished":"2026-01-02T17:10:02+00:00","dateModified":"2026-04-17T05:59:11+00:00","description":"Vous rêvez de déguster vos plats préférés sans huile, tout en apportant une touche d'élégance à votre cuisine ? Découvrez notre Airfryer Slim","breadcrumb":{"@id":"https:\/\/frifri.be\/fr\/produit\/airfryer-duo-slim\/#breadcrumb"},"inLanguage":"fr-FR","potentialAction":[{"@type":"ReadAction","target":["https:\/\/frifri.be\/fr\/produit\/airfryer-duo-slim\/"]}]},{"@type":"ImageObject","inLanguage":"fr-FR","@id":"https:\/\/frifri.be\/fr\/produit\/airfryer-duo-slim\/#primaryimage","url":"https:\/\/frifri.be\/wp-content\/uploads\/2025\/08\/FR0813028BLP_32.jpg","contentUrl":"https:\/\/frifri.be\/wp-content\/uploads\/2025\/08\/FR0813028BLP_32.jpg","width":1600,"height":1067},{"@type":"BreadcrumbList","@id":"https:\/\/frifri.be\/fr\/produit\/airfryer-duo-slim\/#breadcrumb","itemListElement":[{"@type":"ListItem","position":1,"name":"Home","item":"https:\/\/frifri.be\/fr\/frifri\/"},{"@type":"ListItem","position":2,"name":"Nos produits","item":"https:\/\/frifri.be\/fr\/boutique\/"},{"@type":"ListItem","position":3,"name":"Les Friteuses Sans Huile","item":"https:\/\/frifri.be\/fr\/categorie-produit\/electro-menager-friteuse-sans-huile\/"},{"@type":"ListItem","position":4,"name":"Airfryer Duo Slim"}]},{"@type":"WebSite","@id":"https:\/\/frifri.be\/fr\/#website","url":"https:\/\/frifri.be\/fr\/","name":"Frifri Belgium","description":"frifri Shop Belgium","potentialAction":[{"@type":"SearchAction","target":{"@type":"EntryPoint","urlTemplate":"https:\/\/frifri.be\/fr\/?s={search_term_string}"},"query-input":{"@type":"PropertyValueSpecification","valueRequired":true,"valueName":"search_term_string"}}],"inLanguage":"fr-FR"}]}</script>
<!-- / Yoast SEO plugin. -->

Vous rêvez de déguster vos plats préférés sans huile, tout en apportant une touche d'élégance à votre cuisine ? Découvrez notre Airfryer Slim
